 What is the ten thousands digit of m?
4
Suppose 4*u + 84 = 7*u + 5*i, 5*i - 51 = -2*u. Let k be u/6 + 1 + (-6)/4. What is the tens digit of (-48)/(-2)*1 - (2 - k)?
2
What is the units digit of (-126)/56*2*365*28/(-6)?
5
Let i(a) = -2*a + 17. Let b be i(7). Suppose -b*n - 2*y + 3 = 13, -20 = 4*y. What is the tens digit of (-4)/4*3 + 31 + n?
2
Let d(c) = -64*c**3 - 11*c**2 - 13*c - 315. What is the ten thousands digit of d(-10)?
6
Let r = -18 - -69. Let t = r - -19. What is the hundreds digit of 9954/t + (-1)/5?
1
Let y(x) = 5*x**2 - 137*x + 11. What is the ten thousands digit of y(61)?
1
Suppose 718*q - 15 = 715*q. Suppose 10*c - 4416 = q*c - 3*w, 2*c + 5*w - 1755 = 0. What is the tens digit of c?
8
Let l(a) = 715*a**2 + 868*a - 4321. What is the ten thousands digit of l(5)?
1
Let c(b) = -b**3 - 19*b**2 - 73*b - 30. What is the hundreds digit of c(-18)?
9
Let s(n) = 5*n**2 - 190*n - 8929. What is the tens digit of s(-49)?
8
Let w = 4210 - 3764. What is the units digit of w?
6
Let d(n) = 56*n - 25. Let y be d(13). Suppose -5*h = s + y, -2*s + 290 = -2*h + 2*s. Let k = -83 - h. What is the units digit of k?
8
Suppose -6*t = -4*t + 16. Let o be (1 - -65) + (-32)/t. Suppose -5*l + 45 = -3*d, -5*l + 0*l = 2*d - o. What is the units digit of l?
2
Suppose t - 41658 = -4*n, 3*n - t - 33098 + 1844 = 0. What is the ten thousands digit of n?
1
Let y be -1*(-4)/(-8) + 38481/6. Suppose 23*c - y = -847. What is the tens digit of c?
4
Suppose 118710 = -8897*s + 8915*s. What is the thousands digit of s?
6
Suppose 15*p - 3*p = 72. Let f be (49 - (p + -2)) + (-4)/(-2). Let q = 116 - f. What is the tens digit of q?
6
Let g(v) = 4*v**3 - 19*v + 3*v + 27*v + 2 - 19*v**2. What is the hundreds digit of g(8)?
9
Let t = 282 - 273. Let f(i) = 14*i - 58. What is the tens digit of f(t)?
6
Let a be 2 - -4 - (-13 - -10). Suppose 0 = -a*f - 105 + 15. What is the units digit of (-6)/f + (-34568)/(-145)?
9
Let i(z) = 1033*z - 161. What is the units digit of i(10)?
9
Suppose 4*s + 5*w = 9, 3*s + 7*w - 3*w - 8 = 0. Let x be -3 - (s - 2 - -5). Let b(u) = 10*u**2 - 1. What is the tens digit of b(x)?
3
Let v = 256 - 70. Let i = -434 + 826. Suppose 2*h = -2*x + v, -4*h + 2*x - x + i = 0. What is the tens digit of h?
9
Suppose 5*a - h = 2*h - 2, -a = -h + 2. Let c(q) = -q**2 - 26*q - 56. Let z be c(-18). Let k = z + a. What is the tens digit of k?
9
Let g = -88009 - -130506. What is the hundreds digit of g?
4
Let i(z) = -441*z + 12. Let o(k) be the first derivative of -17*k**2 + k - 9. Let v(r) = -2*i(r) + 27*o(r). What is the units digit of v(-1)?
9
Suppose 0 = n - 95 - 107. Suppose -n*f + 205*f = 39. Suppose -f*t = -5*t - 960. What is the hundreds digit of t?
1
Suppose -33*o = 4*x - 30*o + 5838, 2*x + 2920 = -o. Let d = x + 2607. What is the hundreds digit of d?
1
Let y(f) = 457*f - 3982. What is the thousands digit of y(67)?
6
Suppose -c = 2*y - 3*y - 15, -4*y - 66 = 2*c. Let f be ((-10)/y)/(2/16). Suppose h - f*h + 340 = 0. What is the tens digit of h?
8
Suppose i = -3*i + 288. Suppose -137 = 2*y + 3*m, 0*y - y - i = 5*m. Let h = 105 + y. What is the units digit of h?
8
Suppose 869692 = 105*n - 873728. What is the hundreds digit of n?
6
Let u(n) = 2*n**3 + 6*n**2 + 5*n - 8. Let l = -24 - -29. What is the units digit of u(l)?
7
Let z be 175/(-14)*32/(-5). Suppose g + 2*n - 4 = 0, 3*g + 0*g + 2*n = 8. Suppose 0 = -4*j, 4*u = g*u - j + z. What is the tens digit of u?
4
Suppose -40465*k - 4323726 = -40519*k. What is the units digit of k?
9
What is the thousands digit of 24/204 + (-817486)/(-85) + (-36)/(-90)?
9
Let x be (3/(-6))/(4/(-176)). Suppose 2*w - 33 = -v, 2*w + 4*v - 2 = x. Suppose -192 = -3*o + 2*y, -3*o - w + 210 = y. What is the units digit of o?
4
Suppose 0 = -16*t + 29*t - 43810. Suppose -t = j - 11*j. What is the units digit of j?
7
Let m = 5944 - -13670. What is the thousands digit of m?
9
Suppose 31*t = 15*t + 109456. Suppose 8459 + t = 20*v. What is the tens digit of v?
6
What is the thousands digit of ((-85)/(-20) - 2) + (-39118)/(-8)?
4
Suppose 2*c - 140 = -4*i, 3*i + 7*c - 100 = 3*c. Suppose -31*f + i*f = 0. Suppose -4*g + 70 + 206 = f. What is the units digit of g?
9
Suppose -4*g - g - 10 = 0, -4*m + 6 = -3*g. Suppose -14*c + 8465 + 1783 = m. What is the tens digit of c?
3
Let n(i) = 2*i + 127. Suppose -4*u = -2 - 50. What is the tens digit of n(u)?
5
Let m(u) = 3*u**3 + 3*u**2 + 6. Let c be m(3). Let a = c + 227. What is the units digit of a?
1
Let f = -257 - -257. Suppose f*n - 6*n + 1314 = 0. What is the tens digit of n?
1
Suppose 0 = -128*i + 136*i - 6224. Let x = i + -532. What is the units digit of x?
6
Let w(k) = -17*k - 7. Suppose 4*h - 58 + 18 = 0. Let q be (9/(-6))/(-1 - h/(-8)). What is the units digit of w(q)?
5
Suppose 4*v - 1 - 11 = 0. Suppose -5*z = 3*h - 440, 4*h = v*h. What is the tens digit of 16/z - (-3670)/22?
6
Suppose -2*d - 488 - 456 = 0. Let v be ((-6)/(-4))/1*d/(-6). Suppose -b = 29 - v. What is the tens digit of b?
8
Let j be 6/(3 - (1986/660)/1). What is the tens digit of (-5 - -1)*(-17)/((-51)/j)?
8
Suppose -375 = -14*t + 9*t. Suppose k - 2*h - 29 = 0, 3*k - t - 28 = 2*h. Let j = k - -44. What is the tens digit of j?
8
Suppose 15*u - 10080 = 3*u. What is the tens digit of (-48)/u - (-160866)/105?
3
Suppose 3*r - 25912 = -v, 20643 - 3390 = 2*r + 5*v. What is the hundreds digit of r?
6
Suppose 0 = 6*t + 11*t. Suppose 296*a - 295*a - 711 = t. What is the units digit of a?
1
Let y = 14236 + -6431. What is the tens digit of y?
0
Suppose -26*n - 65 = -429. Suppose -n*p = -5733 - 7889. What is the hundreds digit of p?
9
Let w(r) = 10*r + 2. Let j be w(-2). Let z = j + 23. Suppose 0 = -z*q - 15 + 190. What is the tens digit of q?
3
Let h = -27 + 44. Let k(i) = -1218*i + 15 + 2*i**2 - 2 + 1188*i. What is the units digit of k(h)?
1
Suppose y + 0*h = -4*h - 2, -2*y + 4*h = -8. Let d(w) = 6 + 150*w**2 - 1 - 14*w + 14 - 151*w**y. What is the tens digit of d(-8)?
6
Let l(z) = 4*z**2 + 16. What is the units digit of l(-26)?
0
Let f(d) = -3*d - 1. Let p be f(-9). Suppose 5*x = -4*r - 8, 2*r + 0*x - 5*x - p = 0. What is the units digit of 82/((-8)/(-12)*r)?
1
Suppose p - 18 = -2*i - i, -2*p - 6 = -i. Let a(s) = -4*s**3 - i - s**3 + 4*s**3 - 6*s**2 + s. What is the tens digit of a(-7)?
3
Suppose 11 = -6*q + 71. What is the units digit of 1*(1006*(-5)/q)/(-1)?
3
Let k(b) = -b**3 - 20*b**2 - 39*b - 34. Let h be k(-18). Suppose 5*l + 2*f = -255 + 1087, h = -5*f. What is the units digit of l?
8
Suppose -2*j = 2*b - 6, 0 = 4*j - 0*j + 4. Let h be (2 - 1)*344/b. Let x = 38 + h. What is the tens digit of x?
2
Let l(b) = -6*b**2 - 142*b - 1. What is the hundreds digit of l(-18)?
6
Suppose -10 = -6*u - 4. Let n be 4680/(-60) - (u + 4 + -1). Let s = n - -266. What is the tens digit of s?
8
Suppose 32*k - 18228 = 30*k - 3*i, 5*k - 3*i = 45507. What is the thousands digit of k?
9
Suppose -2*i + 13 = -3*s, -2*s = i + 2*s - 1. Let c be 72/21*798/12. Suppose 3*h - 59 = -t, -47 - c = -5*t - i*h. What is the tens digit of t?
5
Let u be (9 - -15)*(-64)/48. Let g(q) = 27*q - 3. Let p be g(-9). Let k = u - p. What is the tens digit of k?
1
Let r = 298 - 295. Let i be (-3 - -1) + -3 + 297. Suppose 3*x + 261 = 4*d, r*d - 5*x + 88 - i = 0. What is the tens digit of d?
6
Let l(s) = -39*s + 31. Let p be (-1)/(3/72*4). What is the tens digit of l(p)?
6
What is the tens digit of ((-312)/16)/(6/(-12) - 476/(-956))?
2
Let h(k) = 0*k**2 + k**2 - 37*k - 38*k + 3*k**3 - 40 + 69*k + 6*k**2. What is the units digit of h(8)?
6
Let y(v) be the third derivative of v**6/120 - 11*v**5/60 + v**4/24 + 13*v**3/3 + 12*v**2. Let g be y(11). Let p = 62 - g. What is the units digit of p?
5
Let q(a) = 2*a + 47. Let f(h) = h + 47. Let n(p) = 3*f(p) - 4*q(p). Let u(s) = 2*s + 16. Let c(x) = -3*n(x) - 8*u(x). What is the tens digit of c(-4)?
1
Suppose 7*c + 3899655 = -2982717. What is the units digit of c/(-806) - (-2)/13?
0
Suppose -j - 17596 = -m, 56*m - 54*m - 4*j = 35182. What is the thousands digit of m?
7
Suppose 66*h - 113*h - 85969 = -60*h. What is the units digit of h?
3
Suppose -3*u + 438 = o - 5*u, -4*o = 3*u - 1741. Suppose n + 20 = 2*n - 3*v, n + 4*v + 15 = 0. Suppose -n*m + m = -o. What is the hundreds digit of m?
1
Let u = -1487 + 752. Let j = u - -2430. What is the hundreds digit 